ite number?
False
Is 330139009 prime?
True
Is 1981988873 a prime number?
True
Is 71471849 prime?
True
Is 3713375069 a composite number?
False
Is 5589468667 a prime number?
False
Is 4710929879 a composite number?
True
Is 10931533577 composite?
False
Is 14886846911 prime?
True
Is 320780443 a composite number?
True
Is 12677111443 a prime number?
True
Is 233103917 prime?
True
Is 19031180771 prime?
False
Is 1521752941 a prime number?
False
Is 140343940651 a prime number?
True
Is 5522853157 composite?
True
Is 985162631 prime?
False
Is 34929619 composite?
True
Is 11104890037 prime?
True
Is 18447061 prime?
True
Is 11448305579 composite?
False
Is 2356645839 prime?
False
Is 4421702 prime?
False
Is 601117199 composite?
False
Is 20708524741 a prime number?
False
Is 399821629 prime?
False
Is 79391186579 composite?
True
Is 3068873999 prime?
False
Is 44364928733 composite?
False
Is 23012490313 a composite number?
False
Is 247455917 a composite number?
True
Is 10524518737 composite?
False
Is 47789326691 prime?
True
Is 1951534757 prime?
True
Is 1681632781 composite?
True
Is 2208819499 a composite number?
False
Is 3707133097 composite?
True
Is 1391233661 a composite number?
False
Is 14738549539 prime?
False
Is 4597081 prime?
True
Is 2031829879 prime?
True
Is 13193042791 composite?
False
Is 7075076534 prime?
False
Is 681543391 prime?
True
Is 1604489 a prime number?
False
Is 1318241707 composite?
True
Is 670015802 prime?
False
Is 277729817 prime?
False
Is 1672912711 prime?
False
Is 7814070667 prime?
False
Is 111364243 a prime number?
True
Is 1308230329 composite?
True
Is 28439525721 composite?
True
Is 209687701 prime?
True
Is 28494774233 a prime number?
True
Is 57004967971 a prime number?
False
Is 100614822227 a composite number?
True
Is 2218169693 a prime number?
True
Is 1068364597 a prime number?
True
Is 7228079707 prime?
False
Is 6354823053 a composite number?
True
Is 7508646206 prime?
False
Is 115223743883 a composite number?
False
Is 18401692151 a composite number?
False
Is 12069338867 a composite number?
False
Is 771193279 composite?
False
Is 4046918903 a prime number?
True
Is 57675424649 a composite number?
False
Is 958751447 prime?
True
Is 2028482507 composite?
True
Is 2880430853 prime?
False
Is 5666367689 composite?
False
Is 2100622001 a composite number?
False
Is 1155260947 a prime number?
True
Is 2027476771 a composite number?
True
Is 129187929211 a prime number?
False
Is 407395969 a prime number?
False
Is 6153611219 a prime number?
False
Is 2340853181 a prime number?
False
Is 1468793719 composite?
False
Is 13368345807 a composite number?
True
Is 7334215765 composite?
True
Is 1430067209 prime?
True
Is 20714880007 composite?
False
Is 325355317 prime?
False
Is 54629660581 a composite number?
True
Is 22605690817 a composite number?
True
Is 31213109819 a prime number?
True
Is 419026939 a prime number?
False
Is 132772972322 a prime number?
False
Is 11129281231 a composite number?
False
Is 53807271263 composite?
True
Is 658750735 a composite number?
True
Is 1589672317 prime?
True
Is 12948155659 a composite number?
False
Is 60404347697 a prime number?
True
Is 31169179721 composite?
True
Is 1007889367 composite?
False
Is 3146716007 a prime number?
True
Is 896073979 composite?
True
Is 2010952777 a prime number?
True
Is 71907651611 prime?
True
Is 82488157 a composite number?
False
Is 7299522959 composite?
False
Is 14674697953 a prime number?
True
Is 19748295797 prime?
True
Is 17011040147 composite?
True
Is 13289796907 composite?
False
Is 488966209 a prime number?
False
Is 404489413 a prime number?
False
Is 1496577533 a prime number?
False
Is 1220189213 a composite number?
True
Is 14307091549 composite?
False
Is 104746042727 prime?
True
Is 7424566966 prime?
False
Is 6868843403 prime?
True
Is 9837541537 composite?
True
Is 2788313929 composite?
False
Is 3468873359 a prime number?
False
Is 50723351143 prime?
False
Is 3207101861 a composite number?
False
Is 1593888197 a prime number?
False
Is 8626519466 prime?
False
Is 56266051057 a prime number?
True
Is 12591326987 composite?
False
Is 1600606867 a composite number?
False
Is 448987283 a composite number?
True
Is 494217781 composite?
True
Is 7718556419 a prime number?
False
Is 2661077971 prime?
True
Is 124906091 composite?
True
Is 20673626579 composite?
True
Is 11835335933 composite?
False
Is 106134226193 composite?
False
Is 385864433 a composite number?
True
Is 4260600959 prime?
True
Is 238183453 a prime number?
True
Is 19390728927 a prime number?
False
Is 13762021291 prime?
False
Is 69193793701 a prime number?
True
Is 2178642071 composite?
False
Is 49586759 prime?
False
Is 61164000979 composite?
True
Is 3156357431 composite?
False
Is 16482972881 a prime number?
True
Is 2248687439 prime?
False
Is 60166197209 prime?
True
Is 4078288145 composite?
True
Is 206764919 prime?
True
Is 702825502 a composite number?
True
Is 1858370737 a prime number?
False
Is 1277131657 prime?
True
Is 16567383913 prime?
False
Is 586668497 composite?
False
Is 145441771861 a prime number?
False
Is 3756817 a composite number?
False
Is 249096632245 a composite number?
True
Is 63427803851 composite?
False
Is 841981103 a composite number?
False
Is 5434368139 a composite number?
True
Is 11786434241 a prime number?
True
Is 87153602971 composite?
True
Is 865256477 prime?
False
Is 9207022823 composite?
False
Is 33670810034 prime?
False
Is 1319223527 composite?
False
Is 82146391 composite?
False
Is 541833727 a prime number?
True
Is 3207639013 prime?
True
Is 1993261297 prime?
True
Is 6213222979 composite?
False
Is 15265173151 prime?
True
Is 1453858709 a prime number?
False
Is 6281896969 a composite number?
False
Is 71994851603 composite?
False
Is 40782713239 a composite number?
True
Is 2280274627 a composite number?
True
Is 10410799969 a prime number?
False
Is 15835552883 a composite number?
True
Is 1045376263 a prime number?
False
Is 516742879 a prime number?
True
Is 62246923643 composite?
False
Is 103620775331 prime?
True
Is 48686582291 a prime number?
True
Is 5605612409 composite?
True
Is 486037847 prime?
True
Is 1295217181 prime?
False
Is 141404257037 a composite number?
False
Is 91017946681 a composite number?
True
Is 177322029191 composite?
False
Is 36353619073 a composite number?
True
Is 4082740391 a prime number?
True
Is 10580194901 a prime number?
True
Is 23363312419 a prime number?
True
Is 65857917963 a prime number?
False
Is 34176495943 prime?
False
Is 875140619 a composite number?
False
Is 50086635451 a prime number?
False
Is 58851022641 a prime number?
False
Is 301698973 prime?
True
Is 12947958073 prime?
True
Is 188233259 prime?
False
Is 161249167 a prime number?
True
Is 586454923 composite?
False
Is 8066318773 a prime number?
True
Is 14506204643 a prime number?
False
Is 44542136777 a composite number?
True
Is 1833624779 a composite number?
True
Is 5063040221 prime?
True
Is 820573309 a prime number?
False
Is 2877799129 a prime number?
True
Is 847434671 a prime number?
True
Is 29911493 prime?
False
Is 2032287757 a composite number?
True
Is 26727474331 prime?
True
Is 109879019 a prime number?
True
Is 39480217 prime?
False
Is 793021433 a prime number?
True
Is 272998633 a prime number?
True
Is 23679665167 prime?
False
Is 31360235549 prime?
False
Is 22134554947 a composite number?
True
Is 1025935979 composite?
True
Is 40249298873 composite?
True
Is 1943977877 a prime number?
True
Is 3173821003 a prime number?
True
Is 2540486461 composite?
False
Is 2530160333 a prime number?
False
Is 46354109179 composite?
True
Is 38885937 a prime number?
False
Is 459241433 a composite number?
True
Is 2516254483 a composite number?
False
Is 62357828293 a prime number?
True
Is 63777869369 a prime number?
True
Is 23815483 composite?
False
Is 1060021141 a prime number?
False
Is 35070975631 a composite number?
False
Is 1391168593 a composite number?
True
Is 9777828787 prime?
True
Is 44037503 a prime number?
True
Is 717044177 composite?
True
Is 4100262799 composite?
False
Is 153963743 prime?
False
Is 18320741357 prime?
False
Is 8129825683 composite?
True
Is 638902217 prime?
False
Is 431217221 composite?
False
Is 628557929 prime?
True
Is 25803705337 a composite number?
False
Is 339246211 a prime number?
False
Is 53611547669 a prime number?
False
Is 1178893769 prime?